et m(l) = -2*l**2 + 5*l + 2. Determine m(3).
-1
Let n(w) = -w**2 - 17*w + 17. Determine n(-18).
-1
Let f(d) = -d**3 + 26*d**2 + 357*d + 111. What is f(36)?
3
Let s(a) = 3*a**3 - 813*a**2 - 812*a - 1122. What is s(272)?
-34
Let o(c) = -c**3 + 53*c**2 - 36*c - 831. Determine o(52).
1
Let d(t) = -2*t**2 - 246*t + 8. What is d(-123)?
8
Let d(r) = 36*r**3 - 111*r**2 - 48*r + 160. Determine d(3).
-11
Let f(i) = i**3 - 70*i**2 - 10*i + 551. Determine f(70).
-149
Let p(a) = a**2 - 489*a + 7566. Give p(16).
-2
Let g(m) = -112*m + 2248. What is g(20)?
8
Let r(q) = 39*q - 65. Determine r(0).
-65
Let d(i) = -i**3 - 9*i**2 - 11*i + 36. Calculate d(-9).
135
Let k(v) = 73*v - 1313. Calculate k(18).
1
Let c(l) = -21*l - 71. Determine c(8).
-239
Let i(z) = 603*z + 7860. Determine i(-13).
21
Let s(a) = -1296*a + 11659. What is s(9)?
-5
Let k(u) = 2*u**3 - 51*u**2 - 533*u + 23. Determine k(-8).
-1
Let t(j) = 17*j**2 + 10*j + 3. Give t(3).
186
Let n(k) = 10*k**3 + 14*k**2 - k - 3. Calculate n(-2).
-25
Let g(k) = -k**2 + 23291*k + 209699. Determine g(-9).
-1
Let q(m) = -107*m**2 - 308*m + 71. What is q(-3)?
32
Let a(x) = -x**3 + 14. What is a(3)?
-13
Let b(j) = -j**2 + 19*j + 21. What is b(23)?
-71
Let z(t) = t**2 - 13*t + 39. Give z(16).
87
Let p(w) = -8*w - 14. What is p(-7)?
42
Let t(s) = -s**2 + 14*s - 199. Calculate t(17).
-250
Let v(k) = k**3 + 12*k**2 + 56*k + 1075. What is v(-14)?
-101
Let i(l) = -84*l + 313. What is i(7)?
-275
Let o(z) = 3*z**2 - 18*z - 193. Calculate o(12).
23
Let z(m) = -m**2 + 233*m + 1423. What is z(-6)?
-11
Let n(i) = 20*i - 409. Calculate n(19).
-29
Let c(r) = r**2 + 31*r - 1459. Determine c(-59).
193
Let i(l) = l**3 + 57*l**2 - 89*l - 876. Give i(-58).
922
Let i(w) = -398*w + 1983. Determine i(5).
-7
Let w(u) = -u**3 + 39*u**2 - 260*u + 4. Give w(30).
304
Let o(h) = -16*h**2 + 313*h + 478. Calculate o(21).
-5
Let p(x) = -690*x + 4068. Determine p(6).
-72
Let d(n) = 4*n**2 + 28*n + 60. Calculate d(-17).
740
Let m(z) = -2*z**3 + 129*z**2 + 59*z + 359. Calculate m(65).
-31
Let k(j) = j**3 + 9*j**2 + 27*j + 191. Determine k(-7).
100
Let s(w) = 3*w**2 - 28*w + 44. What is s(6)?
-16
Let r(j) = 6*j**3 + j**2 - 4*j - 8. Determine r(-2).
-44
Let h(d) = -1903*d - 11403. Determine h(-6).
15
Let p(v) = v**3 - 13*v**2 + 66*v - 278. What is p(9)?
-8
Let t(o) = -6*o**2 + 65*o - 140. Give t(8).
-4
Let o(u) = -4755*u - 23769. Give o(-5).
6
Let a(f) = f**2 + 8*f - 126. Calculate a(-17).
27
Let f(t) = -7*t - 160. What is f(-27)?
29
Let d(s) = -s**3 - 9*s**2 + s + 65. Give d(-4).
-19
Let i(m) = 3*m**3 + 3*m**2 - 11*m + 18. Give i(4).
214
Let i(a) = 67*a - 487. Determine i(11).
250
Let o(b) = 8*b + 22. What is o(19)?
174
Let g(w) = -2*w**3 - 96*w**2 - 270*w + 14. Calculate g(-45).
14
Let l(p) = 2*p**2 - 52*p - 1250. Calculate l(-18).
334
Let u(g) = g**3 - 72*g**2 - 86*g + 936. Determine u(73).
-13
Let p(z) = 2*z**2 + 105*z - 266. Determine p(-57).
247
Let m(j) = -3*j**3 - 15*j**2 - 8*j + 30. Calculate m(-4).
14
Let t(s) = -2*s**3 + 256*s**2 + 18*s - 2279. Calculate t(128).
25
Let t(z) = -9*z**2 + 508*z + 287. Give t(57).
2
Let w(p) = 110*p - 6431. Determine w(59).
59
Let c(x) = -x**3 - 17*x**2 + x + 348. What is c(-15)?
-117
Let p(v) = -225*v + 75. Calculate p(-2).
525
Let x(v) = v**3 + 42*v**2 + 142*v + 76. What is x(-3)?
1
Let u(q) = -282*q - 1977. Calculate u(-7).
-3
Let i(v) = -5*v**2 + 27*v + 44. What is i(7)?
-12
Let b(j) = 49*j**2 + 446*j + 29. What is b(-9)?
-16
Let p(o) = 3*o**3 - 47*o**2 - 26*o + 132. Calculate p(16).
-28
Let w(m) = -9*m**2 - 427*m - 427. Give w(-1).
-9
Let n(g) = 38*g - 791. Calculate n(21).
7
Let j(z) = -5*z**2 + 93*z - 9. What is j(18)?
45
Let p(x) = -x**3 - 20*x**2 + 740*x + 22. Calculate p(19).
3
Let p(q) = 4*q**3 - 96*q**2 + 82*q + 220. Determine p(23).
-10
Let a(i) = 400*i + 1994. Give a(-5).
-6
Let j(g) = -g**3 + 2*g**2 + 22*g + 348. What is j(9)?
-21
Let b(k) = 102*k - 9. Determine b(1).
93
Let f(t) = 626*t + 25650. Give f(-41).
-16
Let n(r) = -54*r + 23. Determine n(-4).
239
Let w(u) = -349*u + 10121. What is w(29)?
0
Let a(p) = 910*p + 11013. Calculate a(-12).
93
Let j(o) = -o**2 + 48*o - 279. Give j(44).
-103
Let a(v) = -865*v**2 + 12*v - 19. What is a(1)?
-872
Let j(t) = 476*t + 3349. What is j(-7)?
17
Let r(o) = 196*o - 1959. Give r(10).
1
Let u(y) = 13*y + 494. Calculate u(-41).
-39
Let y(o) = -o**3 - 12*o**2 - 15*o + 92. What is y(-8)?
-44
Let q(r) = -r**3 + 42*r**2 + 181*r + 138. What is q(46)?
0
Let t(g) = 4*g**2 - 143*g + 1136. Calculate t(24).
8
Let y(p) = 11*p + 310. Determine y(-23).
57
Let j(b) = -29*b - 17. What is j(-2)?
41
Let u(g) = 386*g**2 - 28178*g - 24. What is u(73)?
-24
Let s(v) = -v**2 - 42*v + 274. Calculate s(-48).
-14
Let w(o) = 33*o + 1029. What is w(-31)?
6
Let b(o) = 442*o - 8833. Determine b(20).
7
Let q(x) = -4*x**3 + 142*x**2 - 202*x - 63. Calculate q(34).
5
Let a(d) = 42*d**2 - 17*d - 1. What is a(-2)?
201
Let x(b) = b**2 - 35*b + 22. Calculate x(36).
58
Let v(j) = -j**3 + 32*j**2 + 378*j - 2. What is v(-9)?
-83
Let h(c) = -2*c**3 - 23*c**2 + 28*c + 101. What is h(-6)?
-463
Let q(d) = 3899*d + 50689. Give q(-13).
2
Let p(g) = 9*g**2 + 403*g - 76. Determine p(-45).
14
Let x(i) = -i**3 + 36*i**2 + 534*i - 800. Give x(47).
-1
Let r(q) = 602*q**3 + q**2 - 8*q - 9. Determine r(-1).
-602
Let z(b) = -b**2 - 13*b - 57. Determine z(-3).
-27
Let i(h) = 2*h**2 + 29*h + 24. What is i(-13)?
-15
Let b(t) = -52*t**2 - 1244*t + 122. What is b(-24)?
26
Let s(h) = 6*h**2 + 9*h - 14. Give s(-5).
91
Let z(o) = -o**3 - 3*o**2 + 20*o - 48. What is z(9)?
-840
Let q(b) = 2*b**3 - 7*b**2 + 93*b - 269. Calculate q(3).
1
Let b(i) = 44*i**2 - 233*i + 33. Calculate b(5).
-32
Let t(b) = b**3 + 85*b**2 - 93*b - 595. Calculate t(-86).
7
Let v(i) = -11*i - 465. Determine v(-42).
-3
Let c(y) = -26*y + 43. Give c(-2).
95
Let z(u) = 8*u**2 - 6*u - 5. Calculate z(4).
99
Let a(q) = q**3 - 79*q**2 - 706*q - 33. Calculate a(-8).
47
Let t(o) = -9*o - 422. Give t(-48).
10
Let n(v) = 7*v**2 - 23*v + 175. What is n(6)?
289
Let p(v) = v**2 + 23*v + 24. Calculate p(-21).
-18
Let a(h) = h**2 + 19*h - 88. What is a(-20)?
-68
Let d(x) = 77*x + 1189. Determine d(-16).
-43
Let y(f) = -f**2 - 485*f - 6573. Determine y(-14).
21
Let v(y) = -4*y**3 + 107*y**2 + 144*y - 136. Calculate v(28).
-24
Let v(z) = -z**3 - 51*z**2 - 144*z. Determine v(-48).
0
Let c(a) = -85*a - 1252. Give c(-15).
23
Let v(x) = -20*x**3 + 421*x**2 - 42*x + 487. Give v(21).
46
Let j(p) = -3*p**3 + 51*p**2 + 75*p + 4. Determine j(18).
382
Let w(g) = -2*g**2 - 65*g - 345. Calculate w(-27).
-48
Let u(y) = 567*y + 2263. What is u(-4)?
-5
Let u(v) = -v**3 + 9*v**2 + 37*v + 15. Calculate u(12).
27
Let u(p) = -32*p**2 - 488*p - 56. What is u(-15)?
64
Let i(l) = 2*l**2 - 665*l - 3374. Calculate i(-5).
1
Let v(f) = -f**3 - 38*f**2 - 309*f + 10. Determine v(-13).
-198
Let b(t) = 22*t**2 + 1979*t - 98. Give b(-90).
-8
Let a(k) = 4*k**3 + 390*k**2 - 343*k - 14410. Calculate a(-98).
-4
Let d(f) = 150*f + 442. Give d(-3).
-8
Let f(n) = 20*n + 157. Calculate f(0).
157
Let q(i) = i**2 - i + 59. Give q(-15).
299
Let w(i) = -79*i - 547. Calculate w(-7).
6
Let y(p) = 2*p**2 + 28*p + 45. Determine y(9).
459
Let p(h) = -38189*h - 229133. Give p(-6).
1
Let i(n) = -4*n**3 + 6*n**2 + 8*n - 9. Calculate i(-2).
31
Let s(r) = -79*r + 462. Give s(6).
-12
Let u(m) = -m**2 + 57*m - 163. Calculate u(54).
-1
Let h(o) = -72*o**2 + 2379*o - 111. What is h(33)?
-12
Let z(g) = -g**3 + 23*g**2 + 63*g - 333. Calculate z(25).
-8
Let f(l) = -5*l**2 + 17*l - 19. Calculate f(1).
-7
Let x(i) = -1126*i + 3378. Give x(3).
0
Let o(p) = 26*p - 3655. Calculate o(141).
11
Let m(w) = -w**2 + 23*w + 18. Calculate m(19).
94
Let d(s) = 29*s + 3102. Calculate d(-106).
28
Let z(v) = -3*v**3 - 49*v**2 - 64*v - 645. What is z(-16)?
123
Let x(a) = 58*a**2 - 1996*a - 1185. Calculate x(35).
5
Let h(f) = 9*f + 225. Determine h(-26).
-9
Let c(w) = -8*w - 94. Calculate c(-19).
58
Let y(b) = -35*b**2 + 16*b - 24. What is y(2)?
-132
Let n(k) = -12*k**3 + k**2 + 35*k + 77. Determine n(-2).
107
Let v(s) = -s**3 - 2*s**2 - 4*s + 33. Calculate v(3).
-24
Let n(d) = -d**2 - 292*d - 2587. Give n(-9).
-40
Let a(z) = -z**2 - 19*z - 84. Give a(-8).
4
Let m(p) = -p**3 + 7*p**2 + 2*p - 26. Determine m(5).
34
Let s(x) = -x**3 - 67*x**2 